797690?
6
What is the ten thousands digit of 2228386?
2
What is the millions digit of 5351095?
5
What is the hundreds digit of 1196587?
5
What is the hundreds digit of 158164?
1
What is the hundred thousands digit of 3390118?
3
What is the ten thousands digit of 882567?
8
What is the hundred thousands digit of 319826?
3
What is the hundreds digit of 519787?
7
What is the hundreds digit of 564780?
7
What is the units digit of 651206?
6
What is the ten thousands digit of 516422?
1
What is the tens digit of 2636401?
0
What is the ten thousands digit of 5119177?
1
What is the hundreds digit of 80254?
2
What is the ten thousands digit of 413593?
1
What is the tens digit of 286752?
5
What is the units digit of 8264?
4
What is the hundred thousands digit of 1022563?
0
What is the units digit of 133869?
9
What is the units digit of 1866412?
2
What is the hundred thousands digit of 621605?
6
What is the thousands digit of 568400?
8
What is the ten thousands digit of 440342?
4
What is the ten thousands digit of 1295961?
9
What is the hundreds digit of 2441337?
3
What is the hundreds digit of 254431?
4
What is the hundreds digit of 412897?
8
What is the units digit of 135837?
7
What is the thousands digit of 4999868?
9
What is the units digit of 10085627?
7
What is the ten millions digit of 16896574?
1
What is the thousands digit of 346315?
6
What is the tens digit of 3475097?
9
What is the millions digit of 2237395?
2
What is the ten thousands digit of 169055?
6
What is the hundreds digit of 5866278?
2
What is the units digit of 67356?
6
What is the thousands digit of 54504?
4
What is the hundred thousands digit of 5946226?
9
What is the units digit of 1068336?
6
What is the units digit of 549430?
0
What is the tens digit of 14772024?
2
What is the hundreds digit of 2504904?
9
What is the thousands digit of 228621?
8
What is the hundred thousands digit of 2101911?
1
What is the hundred thousands digit of 651861?
6
What is the tens digit of 21929134?
3
What is the tens digit of 2109441?
4
What is the thousands digit of 14640721?
0
What is the hundreds digit of 2423966?
9
What is the hundreds digit of 102336?
3
What is the units digit of 18239890?
0
What is the hundreds digit of 1163182?
1
What is the ten thousands digit of 801596?
0
What is the units digit of 765189?
9
What is the ten thousands digit of 527307?
2
What is the hundred thousands digit of 6061701?
0
What is the ten thousands digit of 96972?
9
What is the hundred thousands digit of 14344015?
3
What is the ten thousands digit of 565894?
6
What is the tens digit of 116351?
5
What is the units digit of 494197?
7
What is the ten thousands digit of 401923?
0
What is the ten thousands digit of 284327?
8
What is the units digit of 1760932?
2
What is the units digit of 5251900?
0
What is the ten thousands digit of 49135?
4
What is the units digit of 34604?
4
What is the hundreds digit of 252594?
5
What is the tens digit of 224918?
1
What is the tens digit of 1466499?
9
What is the hundred thousands digit of 4412046?
4
What is the units digit of 4948758?
8
What is the hundred thousands digit of 3782310?
7
What is the ten thousands digit of 320812?
2
What is the hundreds digit of 465811?
8
What is the hundred thousands digit of 6963092?
9
What is the units digit of 2038947?
7
What is the thousands digit of 1310003?
0
What is the millions digit of 20855345?
0
What is the millions digit of 5337402?
5
What is the hundreds digit of 254157?
1
What is the tens digit of 810361?
6
What is the millions digit of 17073801?
7
What is the units digit of 458169?
9
What is the hundreds digit of 853659?
6
What is the millions digit of 2133672?
2
What is the thousands digit of 4584846?
4
What is the tens digit of 40167?
6
What is the thousands digit of 8489102?
9
What is the units digit of 8915438?
8
What is the hundreds digit of 61558?
5
What is the hundreds digit of 73062?
0
What is the hundreds digit of 868623?
6
What is the hundreds digit of 1173010?
0
What is the tens digit of 3591294?
9
What is the units digit of 8737227?
7
What is the hundreds digit of 1364718?
7
What is the hundred thousands digit of 9078440?
0
What is the ten thousands digit of 702791?
0
What is the thousands digit of 6458627?
8
What is the tens digit of 2358470?
7
What is the tens digit of 13829?
2
What is the hundreds digit of 2571088?
0
What is the millions digit of 1776836?
1
What is the ten thousands digit of 1081799?
8
What is the units digit of 5452426?
6
What is the hundred thousands digit of 220228?
2
What is the ten thousands digit of 744284?
4
What is the units digit of 19064081?
1
What is the units digit of 2224532?
2
What is the ten thousands digit of 74193?
7
What is the tens digit of 21709708?
0
What is the ten thousands digit of 305165?
0
What is the hundreds digit of 6587719?
7
What is the units digit of 65914?
4
What is the hundreds digit of 4001918?
9
What is the thousands digit of 1594961?
4
What is the hundreds digit of 99696?
6
What is the tens digit of 1678970?
7
What is the hundreds digit of 5541122?
1
What is the hundred thousands digit of 1252082?
2
What is the units digit of 752196?
6
What is the thousands digit of 175190?
5
What is the units digit of 176521?
1
What is the tens digit of 279157?
5
What is the ten thousands digit of 3975055?
7
What is the hundred thousands digit of 1674288?
6
What is the tens digit of 563014?
1
What is the units digit of 1054058?
8
What is the units digit of 989419?
9
What is the hundreds digit of 224910?
9
What is the hundred thousands digit of 456050?
4
What is the hundreds digit of 12342859?
8
What is the hundreds digit of 508041?
0
What is the hundred thousands digit of 259814?
2
What is the millions digit of 2944435?
2
What is the tens digit of 118968?
6
What is the units digit of 153104?
4
What is the hundreds digit of 503189?
1
What is the thousands digit of 4340628?
0
What is the units digit of 604044?
4
What is the tens digit of 112525?
2
What is the ten millions digit of 14569514?
1
What is the hundreds digit of 122268?
2
What is the hundreds digit of 11701866?
8
What is the hundred thousands digit of 279993?
2
What is the ten thousands digit of 4404783?
0
What is the hundreds digit of 8181783?
7
What is the hundreds digit of 604576?
5
What is the hundred thousands digit of 698298?
6
What is the ten thousands digit of 36024?
3
What is the millions digit of 3438989?
3
What is the thousands digit of 200216?
0
What is the millions digit of 1599312?
1
What is the hundred thousands digit of 157901?
1
What is the hundred thousands digit of 670781?
6
What is the tens digit of 815615?
1
What is the thousands digit of 238959?
8
What is the thousands digit of 11862?
1
What is the tens digit of 6609171?
7
What is the ten thousands digit of 29780600?
8
What is the ten thousands digit of 1579081?
7
What is the hundred thousands digit of 2789162?
7
What is the hundreds digit of 19735329?
3
What is the hundred thousands digit of 406359?
4
What is the hundred thousands digit of 5978403?
9
What is the hundreds digit of 725754?
7
What is the units digit of 349173?
3
What is the ten millions digit of 23763363?
2
What is the tens digit of 613116?
1
What is the ten thousands digit of 277008?
7
What is the units digit of 4335573?
3
What is the thousands digit of 43136?
3
What is the ten thousands digit of 590649?
9
What is the hundred thousands digit of 12403844?
4
What is the ten thousands digit of 248692?
4
What is the hundreds digit of 4008256?
2
What is the hundreds digit of 320834?
8
What is the thousands digit of 9331127?
1
What is the thousands digit of 885134?
5
What is the hundreds digit of 8594060?
0
What is the hundred thousands digit of 6176496?
1
What is the hundreds digit of 98996?
9
What is the tens digit of 622614?
1
What is the hundred thousands digit of 325940?
3
What is the hundreds digit of 3470478?
4
What is the units digit of 141697?
7
What is the thousands digit of 1593676?
3
What is the ten thousands digit of 225992?
2
What is the millions digit of 33109073?
3
What is the hundred thousands digit of 7732168?
7
What is the millions digit of 13531286?
3
What is the thousands digit of 176838?
6
What is the hundred thousands digit of 11069314?
0
What is the ten thousands di